{"id":9,"date":"2020-12-06T17:25:48","date_gmt":"2020-12-06T16:25:48","guid":{"rendered":"http:\/\/s873298253.online.de\/?page_id=9"},"modified":"2025-04-11T18:27:24","modified_gmt":"2025-04-11T16:27:24","slug":"startseite","status":"publish","type":"page","link":"https:\/\/kjp-praxis-essen.de\/","title":{"rendered":"Willkommen"},"content":{"rendered":"\n<p class=\"has-medium-font-size\">in meiner Praxis f\u00fcr Kinder- und Jugendpsychiatrie und -psychotherapie. Ich biete psychiatrische und psychotherapeutische Hilfe f\u00fcr Kinder und Jugendliche und ihre Eltern an.<\/p>\n\n\n<div class=\"wp-block-image\">\n<figure class=\"aligncenter size-large\"><img decoding=\"async\" loading=\"lazy\" width=\"1024\" height=\"449\" src=\"http:\/\/s873298253.online.de\/wp-content\/uploads\/2020\/12\/paxis1a-1024x449.jpg\" alt=\"\" class=\"wp-image-113\" srcset=\"https:\/\/kjp-praxis-essen.de\/wp-content\/uploads\/2020\/12\/paxis1a-1024x449.jpg 1024w, https:\/\/kjp-praxis-essen.de\/wp-content\/uploads\/2020\/12\/paxis1a-300x132.jpg 300w, https:\/\/kjp-praxis-essen.de\/wp-content\/uploads\/2020\/12\/paxis1a-768x337.jpg 768w, https:\/\/kjp-praxis-essen.de\/wp-content\/uploads\/2020\/12\/paxis1a-1536x674.jpg 1536w, https:\/\/kjp-praxis-essen.de\/wp-content\/uploads\/2020\/12\/paxis1a-2048x898.jpg 2048w\" sizes=\"(max-width: 1024px) 100vw, 1024px\" \/><\/figure><\/div>\n\n\n<h2 class=\"wp-block-heading\"><br><strong>Kontakt<\/strong>:<\/h2>\n\n\n\n<div class=\"wp-block-columns are-vertically-aligned-top is-layout-flex wp-container-2\">\n<div class=\"wp-block-column is-vertically-aligned-top is-layout-flow\">\n<p><strong>Dinah Heue<\/strong><br>Christophstr. 18-20<br>45130 Essen-R\u00fcttenscheid<br>Telefon: 0201 &#8211; 5239077<br>Fax: 0201 &#8211; 52 39 07 9<br>Homepage: <a href=\"http:\/\/www.kjp-praxis-essen.de\/?page_id=46\">www.kjp-praxis-essen.de<\/a><\/p>\n<\/div>\n<\/div>\n\n\n\n<p><\/p>\n","protected":false},"excerpt":{"rendered":"<p>in meiner Praxis f\u00fcr Kinder- und Jugendpsychiatrie und -psychotherapie. Ich biete psychiatrische und psychotherapeutische Hilfe f\u00fcr Kinder und Jugendliche und ihre Eltern an. Kontakt: Dinah HeueChristophstr. 18-2045130 Essen-R\u00fcttenscheidTelefon: 0201 &#8211; 5239077Fax: 0201 &#8211; 52 39 07 9Homepage: www.kjp-praxis-essen.de<\/p>\n","protected":false},"author":1,"featured_media":0,"parent":0,"menu_order":0,"comment_status":"closed","ping_status":"closed","template":"","meta":{"neve_meta_sidebar":"","neve_meta_container":"","neve_meta_enable_content_width":"off","neve_meta_content_width":70,"neve_meta_title_alignment":"","neve_meta_author_avatar":"","neve_post_elements_order":"","neve_meta_disable_header":"","neve_meta_disable_footer":"","neve_meta_disable_title":""},"_links":{"self":[{"href":"https:\/\/kjp-praxis-essen.de\/index.php\/wp-json\/wp\/v2\/pages\/9"}],"collection":[{"href":"https:\/\/kjp-praxis-essen.de\/index.php\/wp-json\/wp\/v2\/pages"}],"about":[{"href":"https:\/\/kjp-praxis-essen.de\/index.php\/wp-json\/wp\/v2\/types\/page"}],"author":[{"embeddable":true,"href":"https:\/\/kjp-praxis-essen.de\/index.php\/wp-json\/wp\/v2\/users\/1"}],"replies":[{"embeddable":true,"href":"https:\/\/kjp-praxis-essen.de\/index.php\/wp-json\/wp\/v2\/comments?post=9"}],"version-history":[{"count":31,"href":"https:\/\/kjp-praxis-essen.de\/index.php\/wp-json\/wp\/v2\/pages\/9\/revisions"}],"predecessor-version":[{"id":234,"href":"https:\/\/kjp-praxis-essen.de\/index.php\/wp-json\/wp\/v2\/pages\/9\/revisions\/234"}],"wp:attachment":[{"href":"https:\/\/kjp-praxis-essen.de\/index.php\/wp-json\/wp\/v2\/media?parent=9"}],"curies":[{"name":"wp","href":"https:\/\/api.w.org\/{rel}","templated":true}]}}